
{"id":1124,"date":"2019-08-07T13:00:32","date_gmt":"2019-08-07T11:00:32","guid":{"rendered":"http:\/\/purbarcelona.com\/privacitat\/"},"modified":"2019-09-25T16:50:14","modified_gmt":"2019-09-25T14:50:14","slug":"privacidad","status":"publish","type":"page","link":"https:\/\/purbarcelona.com\/es\/privacidad\/","title":{"rendered":"Privacidad"},"content":{"rendered":"<p>Pol\u00edtica de privacidad y protecci\u00f3n de datos<\/p>\n<p>Raz\u00f3n Social: Nando Jubany SL<em><br \/>\n<\/em><br \/>\nDomicilio Social: Ctra. de Sant Hilari s\/n (08506) Calldetenes<br \/>\nCorreo electr\u00f3nico:\u00a0<a href=\"mailto:comunicaci\u00f3@canjubany.com\">comunicaci\u00f3@canjubany.com<\/a><br \/>\nCIF: B-62834270<\/p>\n<p>&nbsp;<\/p>\n<p>A trav\u00e9s del presente aviso, NANDO JUBANY SL informa a los usuarios del sitio web que, en cumplimiento del Reglamento (UE) 2016\/679 del Parlamento Europeo y del Consejo de 27 de abril de 2016 relativo a la Protecci\u00f3n de las Personas F\u00edsicas respecto al tratamiento de datos personales y a la libre circulaci\u00f3n de datos (en adelante, RGPD), y la ley org\u00e1nica 3\/2018 de 5 de diciembre relativa a la Protecci\u00f3n de datos personales y garant\u00eda de derechos digitales (en adelante, LOPDGDD), los datos personales facilitados ser\u00e1n incorporadas a nuestro fichero titularidad de NANDO JUBANY SL con domicilio a la Ctra. Sant Hilari, s\/n (08506) Calldetenes.<\/p>\n<p>El acceso en nuestro espacio Web no exige que el usuario realice un registro previo. Aun as\u00ed, el acceso y navegaci\u00f3n a trav\u00e9s de este espacio Web supone que el usuario acepta en su totalidad la presente pol\u00edtica de privacidad y la de cookies.<\/p>\n<p>&nbsp;<\/p>\n<p>I. Legitimaci\u00f3n del tratamiento<\/p>\n<p>La legitimaci\u00f3n para llevar a cabo el tratamiento de los datos de los usuarios se encuentra en el consentimiento del interesado, solicitado por el caso concreto. Por su parte, la gesti\u00f3n de la contrataci\u00f3n de servicios, pago, facturaci\u00f3n y env\u00edos correspondientes, est\u00e1 legitimada por la propia ejecuci\u00f3n del contrato.<\/p>\n<p>El tratamiento de los datos con el fin de remitir boletines electr\u00f3nicos sobre servicios, acontecimientos y noticias relacionadas con nuestra actividad, se basa en el inter\u00e9s leg\u00edtimo de la empresa para llevar a cabo estos tratamientos de acuerdo con la normativa vigente.<\/p>\n<p>En relaci\u00f3n con la remisi\u00f3n de su Curriculum vitae e inscripciones a ofertas profesionales que podamos publicar, la legitimaci\u00f3n de su tratamiento se basa en el consentimiento del usuario que remite sus datos, el cual puede retirar en cualquier momento, a pesar de que esto har\u00eda que su candidatura no pudiera ser tenida en cuenta en nuestros procesos de selecci\u00f3n de personal. Sin embargo, la retirada de su consentimiento no afectar\u00e1 la licitud de los tratamientos efectuados con anterioridad. Igualmente se podr\u00e1 utilizar la informaci\u00f3n del usuario para el cumplimiento de las diferentes obligaciones legales de la empresa<\/p>\n<p>&nbsp;<\/p>\n<p>II. Finalidad del tratamiento<\/p>\n<p>Le informamos que se recogen exclusivamente aquellos datos necesarios por el correcto desarrollo de la relaci\u00f3n existente entre las partes, y en concreto, por alguna\/se de las siguientes finalidades:<\/p>\n<p>&#8211; Gestionar la contrataci\u00f3n de servicios y aquellas gestiones administrativas propias de la relaci\u00f3n comercial existente.<br \/>\n&#8211; Gestionar el uso de cualquier de aquellas funcionalidades que se posa a su disposici\u00f3n en este espacio web, incluyendo, de forma enunciativa y por tanto, no limitativa, la suscripci\u00f3n a los boletines informativos y las consultas o solicitudes de informaci\u00f3n.<br \/>\n&#8211; Gestionar la remesa de su curr\u00edculum vitae a trav\u00e9s del formulario habilitado o en caso de inscripci\u00f3n a las diferentes ofertas de trabajo del grupo.<br \/>\n&#8211; Realizar el env\u00edo de comunicaciones de ofertas, servicios e informaci\u00f3n del sector que pueden ser personalizados seg\u00fan la informaci\u00f3n de sus anteriores contrataciones o preferencias.<\/p>\n<p>El usuario garantiza la autenticidad de los datos comunicados y ser\u00e1 el \u00fanico responsable de las manifestaciones falsas o inexactas. Los datos de car\u00e1cter personal que nos facilite ser\u00e1n siempre tratados en conformidad con el RGPD y la LOPDGDD.<\/p>\n<p>Le comunicamos que la empresa es el destinatario final de estos datos y es quien decide sobre la finalidad, el contenido y el uso del tratamiento de los datos de car\u00e1cter personal que nos faciliten los usuarios.<\/p>\n<p>&nbsp;<\/p>\n<p>III. Comunicaci\u00f3n de datos<\/p>\n<p>Le informamos que sus datos personales ser\u00e1n entegados a terceras empresas en los supuestos de obligaci\u00f3n legales y a empresas de servicios de la sociedad de la informaci\u00f3n (hosting, env\u00edo de mailings y servidores de correo electr\u00f3nico, empresas que gestionan los locales en los cuales se ubican nuestros acontecimientos para el control de acceso, empresas de comunicaci\u00f3n y marketing para la gesti\u00f3n de las mismas).<\/p>\n<p>&nbsp;<\/p>\n<p>IV. Medidas de seguridad<\/p>\n<p>En cumplimiento de la normativa vigente, la empresa garantiza que ha adoptado todas las medidas t\u00e9cnicas y organizativas necesarias para mantener el nivel de seguridad requerido en atenci\u00f3n a la naturaleza de los datos personales tratados. La empresa manifiesta su compromiso con la protecci\u00f3n de los datos personales y la privacidad de los usuarios, y que lleva a cabo las medidas de seguridad t\u00e9cnicas necesarias para evitar su p\u00e9rdida, manipulaci\u00f3n, difusi\u00f3n o alteraci\u00f3n.<\/p>\n<p>&nbsp;<\/p>\n<p>V. Periodo de conservaci\u00f3n de los datos<\/p>\n<p>Le informamos que sus datos ser\u00e1n suprimidos en el momento que revoque su consentimiento, procediendo a su destrucci\u00f3n, excepto en el supuesto de que exista una norma legal que requiera su conservaci\u00f3n, procediendo, en este caso, al bloqueo de los datos hasta que transcurra el plazo de conservaci\u00f3n.<\/p>\n<p>&nbsp;<\/p>\n<p>VI. Derechos de los usuarios<\/p>\n<p>Por \u00faltimo, tambi\u00e9n le informamos que en cualquier momento puede ejercer los derechos de acceso, rectificaci\u00f3n, supresi\u00f3n, limitaci\u00f3n, portabilidad y oposici\u00f3n respecto a sus datos de car\u00e1cter personal previstos a la normativa en materia de protecci\u00f3n de datos, enviando un escrito acompa\u00f1ado de una fotocopia del documento de identidad al correo electr\u00f3nico\u00a0<em><a href=\"mailto:comunicaci\u00f3@canjubany.com\">comunicaci\u00f3@canjubany.com<\/a><\/em><\/p>\n<p>En concreto puede ejercer los derechos que se desarrollan a continuaci\u00f3n:<\/p>\n<p>&#8211; Revocar los consentimientos otorgados.<br \/>\n&#8211; Obtener confirmaci\u00f3n sobre si\u00a0 la empresa est\u00e1 tratando datos personales que le conciernen o no.<br \/>\n&#8211; Acceder a sus datos personales.<br \/>\n&#8211; Rectificar los datos inexactos o incompletos.<br \/>\n&#8211; Solicitar la supresi\u00f3n de sus datos cuando, entre otros motivos, los datos ya no sean necesarios por las finalidades por las cuales fueron recogidos.<br \/>\n&#8211; Ejercer la limitaci\u00f3n del tratamiento de los datos cuando se cumpla alguna de las condiciones previstas en la normativa de protecci\u00f3n de datos.<br \/>\n&#8211; En determinadas circunstancias y por motivos relacionados con su situaci\u00f3n particular al tratamiento de sus datos, los interesados podr\u00e1n oponerse al tratamiento de sus datos. La empresa dejar\u00e1 de tratar los datos, excepto por motivos leg\u00edtimos imperiosos, o el ejercicio o la defensa de posibles reclamaciones.<br \/>\n&#8211;\u00a0 Obtener intervenci\u00f3n humana, a expresar su punto de vista y a impugnar las decisiones automatizadas adoptadas por parte de la empresa, si se tercia.<br \/>\n&#8211; Solicitar la portabilidad de sus datos.<\/p>\n<p>En caso de disconformidad en relaci\u00f3n a la tramitaci\u00f3n de sus datos puede presentar una reclamaci\u00f3n ante la Agencia Espa\u00f1ola de Protecci\u00f3n de Datos, organismo que ostenta la autoridad de control en la materia, ubicada al C\/ Jorge Juan, 6 de Madrid (CP 28001).<\/p>\n<p>Este sitio web puede contener enlaces a p\u00e1ginas externas. La empresa no asume ninguna responsabilidad sobre los contenidos ni sobre cualquier otro aspecto relacionado con estas p\u00e1ginas o sitios web.<\/p>\n<p>La empresa se reserva el derecho de modificar la presente pol\u00edtica de privacidad de acuerdo con a su propio criterio, o motivado por un cambio legal, jurisprudencial, o doctrinal de la Agencia Espa\u00f1ola de Protecci\u00f3n de Datos. El uso de la web despu\u00e9s de los cambios, implicar\u00e1 la aceptaci\u00f3n de los mismos.<\/p>\n","protected":false},"excerpt":{"rendered":"<p>Pol\u00edtica de privacidad y protecci\u00f3n de datos Raz\u00f3n Social: Nando Jubany SL Domicilio Social: Ctra. de Sant Hilari s\/n (08506) Calldetenes Correo electr\u00f3nico:\u00a0comunicaci\u00f3@canjubany.com CIF: B-62834270 &nbsp; A trav\u00e9s del presente aviso, NANDO JUBANY SL informa a los usuarios del sitio web que, en cumplimiento del Reglamento (UE) 2016\/679 del Parlamento Europeo y del Consejo de [&hellip;]<\/p>\n","protected":false},"author":1,"featured_media":0,"parent":0,"menu_order":66,"comment_status":"closed","ping_status":"closed","template":"app-controller\/privacitat.php","meta":{"_acf_changed":false,"footnotes":""},"class_list":["post-1124","page","type-page","status-publish","hentry"],"acf":[],"_links":{"self":[{"href":"https:\/\/purbarcelona.com\/es\/wp-json\/wp\/v2\/pages\/1124","targetHints":{"allow":["GET"]}}],"collection":[{"href":"https:\/\/purbarcelona.com\/es\/wp-json\/wp\/v2\/pages"}],"about":[{"href":"https:\/\/purbarcelona.com\/es\/wp-json\/wp\/v2\/types\/page"}],"author":[{"embeddable":true,"href":"https:\/\/purbarcelona.com\/es\/wp-json\/wp\/v2\/users\/1"}],"replies":[{"embeddable":true,"href":"https:\/\/purbarcelona.com\/es\/wp-json\/wp\/v2\/comments?post=1124"}],"version-history":[{"count":3,"href":"https:\/\/purbarcelona.com\/es\/wp-json\/wp\/v2\/pages\/1124\/revisions"}],"predecessor-version":[{"id":1467,"href":"https:\/\/purbarcelona.com\/es\/wp-json\/wp\/v2\/pages\/1124\/revisions\/1467"}],"wp:attachment":[{"href":"https:\/\/purbarcelona.com\/es\/wp-json\/wp\/v2\/media?parent=1124"}],"curies":[{"name":"wp","href":"https:\/\/api.w.org\/{rel}","templated":true}]}}

<p>Política de privacidad y protección de datos</p>
<p>Razón Social: Nando Jubany SL<em><br />
</em><br />
Domicilio Social: Ctra. de Sant Hilari s/n (08506) Calldetenes<br />
Correo electrónico: <a href="mailto:comunicació@canjubany.com">comunicació@canjubany.com</a><br />
CIF: B-62834270</p>
<p>&nbsp;</p>
<p>A través del presente aviso, NANDO JUBANY SL informa a los usuarios del sitio web que, en cumplimiento del Reglamento (UE) 2016/679 del Parlamento Europeo y del Consejo de 27 de abril de 2016 relativo a la Protección de las Personas Físicas respecto al tratamiento de datos personales y a la libre circulación de datos (en adelante, RGPD), y la ley orgánica 3/2018 de 5 de diciembre relativa a la Protección de datos personales y garantía de derechos digitales (en adelante, LOPDGDD), los datos personales facilitados serán incorporadas a nuestro fichero titularidad de NANDO JUBANY SL con domicilio a la Ctra. Sant Hilari, s/n (08506) Calldetenes.</p>
<p>El acceso en nuestro espacio Web no exige que el usuario realice un registro previo. Aun así, el acceso y navegación a través de este espacio Web supone que el usuario acepta en su totalidad la presente política de privacidad y la de cookies.</p>
<p>&nbsp;</p>
<p>I. Legitimación del tratamiento</p>
<p>La legitimación para llevar a cabo el tratamiento de los datos de los usuarios se encuentra en el consentimiento del interesado, solicitado por el caso concreto. Por su parte, la gestión de la contratación de servicios, pago, facturación y envíos correspondientes, está legitimada por la propia ejecución del contrato.</p>
<p>El tratamiento de los datos con el fin de remitir boletines electrónicos sobre servicios, acontecimientos y noticias relacionadas con nuestra actividad, se basa en el interés legítimo de la empresa para llevar a cabo estos tratamientos de acuerdo con la normativa vigente.</p>
<p>En relación con la remisión de su Curriculum vitae e inscripciones a ofertas profesionales que podamos publicar, la legitimación de su tratamiento se basa en el consentimiento del usuario que remite sus datos, el cual puede retirar en cualquier momento, a pesar de que esto haría que su candidatura no pudiera ser tenida en cuenta en nuestros procesos de selección de personal. Sin embargo, la retirada de su consentimiento no afectará la licitud de los tratamientos efectuados con anterioridad. Igualmente se podrá utilizar la información del usuario para el cumplimiento de las diferentes obligaciones legales de la empresa</p>
<p>&nbsp;</p>
<p>II. Finalidad del tratamiento</p>
<p>Le informamos que se recogen exclusivamente aquellos datos necesarios por el correcto desarrollo de la relación existente entre las partes, y en concreto, por alguna/se de las siguientes finalidades:</p>
<p>&#8211; Gestionar la contratación de servicios y aquellas gestiones administrativas propias de la relación comercial existente.<br />
&#8211; Gestionar el uso de cualquier de aquellas funcionalidades que se posa a su disposición en este espacio web, incluyendo, de forma enunciativa y por tanto, no limitativa, la suscripción a los boletines informativos y las consultas o solicitudes de información.<br />
&#8211; Gestionar la remesa de su currículum vitae a través del formulario habilitado o en caso de inscripción a las diferentes ofertas de trabajo del grupo.<br />
&#8211; Realizar el envío de comunicaciones de ofertas, servicios e información del sector que pueden ser personalizados según la información de sus anteriores contrataciones o preferencias.</p>
<p>El usuario garantiza la autenticidad de los datos comunicados y será el único responsable de las manifestaciones falsas o inexactas. Los datos de carácter personal que nos facilite serán siempre tratados en conformidad con el RGPD y la LOPDGDD.</p>
<p>Le comunicamos que la empresa es el destinatario final de estos datos y es quien decide sobre la finalidad, el contenido y el uso del tratamiento de los datos de carácter personal que nos faciliten los usuarios.</p>
<p>&nbsp;</p>
<p>III. Comunicación de datos</p>
<p>Le informamos que sus datos personales serán entegados a terceras empresas en los supuestos de obligación legales y a empresas de servicios de la sociedad de la información (hosting, envío de mailings y servidores de correo electrónico, empresas que gestionan los locales en los cuales se ubican nuestros acontecimientos para el control de acceso, empresas de comunicación y marketing para la gestión de las mismas).</p>
<p>&nbsp;</p>
<p>IV. Medidas de seguridad</p>
<p>En cumplimiento de la normativa vigente, la empresa garantiza que ha adoptado todas las medidas técnicas y organizativas necesarias para mantener el nivel de seguridad requerido en atención a la naturaleza de los datos personales tratados. La empresa manifiesta su compromiso con la protección de los datos personales y la privacidad de los usuarios, y que lleva a cabo las medidas de seguridad técnicas necesarias para evitar su pérdida, manipulación, difusión o alteración.</p>
<p>&nbsp;</p>
<p>V. Periodo de conservación de los datos</p>
<p>Le informamos que sus datos serán suprimidos en el momento que revoque su consentimiento, procediendo a su destrucción, excepto en el supuesto de que exista una norma legal que requiera su conservación, procediendo, en este caso, al bloqueo de los datos hasta que transcurra el plazo de conservación.</p>
<p>&nbsp;</p>
<p>VI. Derechos de los usuarios</p>
<p>Por último, también le informamos que en cualquier momento puede ejercer los derechos de acceso, rectificación, supresión, limitación, portabilidad y oposición respecto a sus datos de carácter personal previstos a la normativa en materia de protección de datos, enviando un escrito acompañado de una fotocopia del documento de identidad al correo electrónico <em><a href="mailto:comunicació@canjubany.com">comunicació@canjubany.com</a></em></p>
<p>En concreto puede ejercer los derechos que se desarrollan a continuación:</p>
<p>&#8211; Revocar los consentimientos otorgados.<br />
&#8211; Obtener confirmación sobre si  la empresa está tratando datos personales que le conciernen o no.<br />
&#8211; Acceder a sus datos personales.<br />
&#8211; Rectificar los datos inexactos o incompletos.<br />
&#8211; Solicitar la supresión de sus datos cuando, entre otros motivos, los datos ya no sean necesarios por las finalidades por las cuales fueron recogidos.<br />
&#8211; Ejercer la limitación del tratamiento de los datos cuando se cumpla alguna de las condiciones previstas en la normativa de protección de datos.<br />
&#8211; En determinadas circunstancias y por motivos relacionados con su situación particular al tratamiento de sus datos, los interesados podrán oponerse al tratamiento de sus datos. La empresa dejará de tratar los datos, excepto por motivos legítimos imperiosos, o el ejercicio o la defensa de posibles reclamaciones.<br />
&#8211;  Obtener intervención humana, a expresar su punto de vista y a impugnar las decisiones automatizadas adoptadas por parte de la empresa, si se tercia.<br />
&#8211; Solicitar la portabilidad de sus datos.</p>
<p>En caso de disconformidad en relación a la tramitación de sus datos puede presentar una reclamación ante la Agencia Española de Protección de Datos, organismo que ostenta la autoridad de control en la materia, ubicada al C/ Jorge Juan, 6 de Madrid (CP 28001).</p>
<p>Este sitio web puede contener enlaces a páginas externas. La empresa no asume ninguna responsabilidad sobre los contenidos ni sobre cualquier otro aspecto relacionado con estas páginas o sitios web.</p>
<p>La empresa se reserva el derecho de modificar la presente política de privacidad de acuerdo con a su propio criterio, o motivado por un cambio legal, jurisprudencial, o doctrinal de la Agencia Española de Protección de Datos. El uso de la web después de los cambios, implicará la aceptación de los mismos.</p>

<p>Política de privacidad y protección de datos Razón Social: Nando Jubany SL Domicilio Social: Ctra. de Sant Hilari s/n (08506) Calldetenes Correo electrónico: comunicació@canjubany.com CIF: B-62834270 &nbsp; A través del presente aviso, NANDO JUBANY SL informa a los usuarios del sitio web que, en cumplimiento del Reglamento (UE) 2016/679 del Parlamento Europeo y del Consejo de [&hellip;]</p>
